).
-18
Let w(z) = -z**3 + 9*z**2 + 3*z + 4. Let j(k) = k**2 - 3*k + 1. Let h(b) = -2*j(b) + w(b). What is h(8)?
10
Let l(w) = -7*w + 22. Let m(a) = -4*a + 12. Let k(x) = -6*l(x) + 11*m(x). What is k(-5)?
10
Let r(b) = b + 2 + 1 - 3. Let d = 22 + -22. Suppose -t = -5 - d. Determine r(t).
5
Let f(d) = -d**2 - 8*d + 22. Let z be f(-10). Suppose 4*v - p = -3, p = -4*v + z*v - 9. Let x(n) = n**2 - 3*n - 2. Calculate x(v).
8
Let m(g) = g**2 - 15 - 3558*g - 5 + 3549*g. What is m(10)?
-10
Let j(v) be the second derivative of -v**4/12 - v**3/2 + 17*v**2 - 216*v + 2. Determine j(-8).
-6
Let j(u) = u**3 - 4*u**2 - u + 5. Suppose 0 = 6*m - 2*m + 32. Let d = m - -10. Suppose 0 = -d*r + 9 - 1. What is j(r)?
1
Let j(b) = -b. Let p(x) = 13*x. Let l(n) = 22*j(n) + 2*p(n). Give l(-3).
-12
Let o be 3 + -2 + 12 - 3. Let t = o - 4. Let k(u) = 3*u - 1. Calculate k(t).
17
Let i(d) be the first derivative of 7*d**4 - 2*d**3/3 - 3*d**2/2 - 2*d + 404. What is i(-1)?
-29
Let l(x) = x**2 - 4*x + 4. Let p be l(3). Let b(d) = 4*d - 2. Calculate b(p).
2
Suppose 5*j - 20 = 2*y + j, -4*j - 12 = 2*y. Suppose 22 = 27*w - 16*w. Let h(k) = -8*k + 15*k**2 + 4*k**2 - k**3 - 28*k**w. Calculate h(y).
0
Let t = -28 + 24. Let o be (18/12)/(1/t). Let x(j) = -j - 8. Determine x(o).
-2
Let q(a) = -2*a - 7 - 10 - 17. Give q(-15).
-4
Let w(q) = 571 - 7*q + q**3 + 5*q**2 - 574 + q**2. Suppose -3*g = -4*h + 2*h + 17, -5*h - 17 = g. Determine w(g).
-3
Let d be 2/2 - (14 - 18). Let t(u) = u**2 - 5*u + 3. What is t(d)?
3
Let v be (-11)/(-11) + 10 + -6. Let b(r) = r**3 - 4*r**2 - 4*r - 1. What is b(v)?
4
Let b(x) be the second derivative of 3*x**5/20 - x**4/12 + x**3/6 + 2*x - 10. Let j be -1 + 4 + 3/(-3). What is b(j)?
22
Let b(v) = -259*v + 256*v + 33 - 50. Determine b(-9).
10
Let v(w) = 8*w**2 + w - 7. Suppose -10 = -f - 4*f. Let m(x) = -16 + 0*x + 3*x - 4 + 23*x**f. Let t(o) = 6*m(o) - 17*v(o). What is t(1)?
2
Let d(m) = m + 10. Suppose -p + 7 + 4 = 0. Let n(g) = 2*g**2 - 21*g - 11. Let w be n(p). What is d(w)?
10
Let n(k) = -5 + 0*k + k**3 - 2 + 5*k**2 - 6*k. Let i be -1*(-7 + -3) - 4. Suppose i = -2*x - 6. Give n(x).
-7
Let u(t) be the second derivative of t**4/12 + t**3 - 3*t**2 + 2*t - 177. Calculate u(-7).
1
Let y(r) = -r**3 - 2*r**2 + 4*r + 2. Suppose 3*o + 3*m = -15, 0 = -0*o + 3*o - 5*m + 15. Determine y(o).
57
Let p(s) = -s**2 - 6*s - 5. Let y(r) = r**2 - 11*r - 5. Let k be y(11). Let q be (-10)/(-25) - (81/k)/(-3). Determine p(q).
0
Let v(k) = 130608 - 130608 + 2*k + k**2. What is v(6)?
48
Let x(w) = w**3 - 3*w**2 + 2*w + 3. Suppose 2*k = -k + 30. Let a be 3/4 - 4/(-16). Suppose 0 = -3*h - a + k. Calculate x(h).
9
Let b(t) = 274*t - 139*t + 15 - 136*t. Suppose -3*g = q - 3*q - 19, 4*g - 5*q = 23. What is b(g)?
8
Let w(u) = -16*u**2 + 21*u - 4. Let m(z) = -3*z**2 + 4*z - 1. Let t(x) = 11*m(x) - 2*w(x). What is t(2)?
-3
Suppose 0*g + 33 = -3*g + 3*o, -3*o + 19 = -g. Let b(j) = -j**3 - 9*j**2 - 11*j + 17. Calculate b(g).
-4
Let q(m) = -2*m**2 + 5 + 20 + m**2 + 85*m - 91*m. Give q(-8).
9
Let h(s) = 4*s**3. Let c = -998 + 999. Calculate h(c).
4
Let d = -37 + 30. Let a(w) = w**3 - 6*w**2 + 6*w + 2. Let x(b) = b**3 - 5*b**2 + 5*b + 1. Let t(n) = d*x(n) + 6*a(n). Give t(0).
5
Let j(c) = 4*c**2 + 2*c - 1. Let u(m) = 2*m**3 - 7*m**2 + m - 4. Let b be u(3). Let d be (b/15)/(4/12). Calculate j(d).
11
Let r(s) = -56 - 56 + 157 + 3*s - 48. What is r(-4)?
-15
Let b(x) = -6*x**2 + 2*x - 8. Let a(c) = -c**2 - c - 1. Let f(j) = 5*a(j) - b(j). Calculate f(6).
-3
Let m(x) = -3 + 3*x**3 - 6*x**2 - 2 - 125*x - 4*x**3 + 117*x. Calculate m(-5).
10
Let l be (-9)/18 - 1/2 - -5. Let y be ((-3)/l)/(12/(-96)). Let u(q) = 2*q - 3. Determine u(y).
9
Let t(x) = -3*x**3 - x + 0 - 2861*x**2 + 1 + 2*x**3 + 2860*x**2. Let q(a) = -a**3 + 3*a**2 + 2*a + 5. Let i be q(4). Let u = -2 - i. Determine t(u).
-2
Let k(l) = 2*l**3 + 3*l**2 + l + 2. Suppose 40 + 52 = 4*q. Suppose 4*y + q = -5*p, 0 = 3*y - 5*p - 9. What is k(y)?
-4
Let z(p) = 11*p**2 - 8*p - 4*p**2 - 7*p**2 - 2*p**2 + 7. What is z(-4)?
7
Let m(k) = -k**2 + 5*k - 4. Let h(g) be the first derivative of 1/3*g**3 - 5/2*g**2 + 3*g - 3. Let n(v) = 7*h(v) + 6*m(v). What is n(4)?
-7
Let p = 8 + -6. Let v(f) = 1 + f**2 + 4 + p - 2 - 5*f. Suppose 2*y + l - 10 = 0, 3*y + 4*l - 4 = y. What is v(y)?
11
Let l(h) = -h**2 + 7*h - 4. Let v be (-1)/(-2 - (-13)/7). Let p be l(v). Let k(f) be the third derivative of f**4/24 + f**3 - f**2. Determine k(p).
2
Let b(u) = 4*u + 366 - 179 - 5*u - 186. Let l be -1 + (-2)/4*-2. Calculate b(l).
1
Let v(o) = -34*o + 65. Let p(w) = -19*w + 33. Let q(t) = 7*p(t) - 4*v(t). Give q(5).
-14
Let r(n) = n - 13. Let d = 19 + -19. Let v(q) = q - 2*q - 4 + d*q. Let x be v(-4). Calculate r(x).
-13
Let m(x) = -26*x**3 - 3*x**2 - 2*x + 4. Let s(t) = -17*t**3 - 3*t**2 - 2*t + 3. Let f(b) = -2*m(b) + 3*s(b). Suppose 0 = 2*z - 3*z + 3. What is f(z)?
-5
Let x be 1*-1*(-110)/275 + 9/15. Let n(d) be the first derivative of 11*d**3/3 + d**2 - d + 2. What is n(x)?
12
Let k be 28/3*(-72)/(-32). Let t = -19 + k. Let x(a) = a. Let q(r) = r**2 - r. Let z(y) = q(y) - 2*x(y). Give z(t).
-2
Let v(z) = z**2 + 15*z + 3. Let a = 855 + -870. Give v(a).
3
Let c(g) = -g**3 - 10*g**2 - 9*g - 3. Let p(j) = j**2 + j. Let n(v) = -c(v) - 4*p(v). What is n(-3)?
15
Let c(r) = 4*r**2 + 5*r - 11. Let p(y) = 3*y**2 + 3*y - 11. Let d(s) = 2*c(s) - 3*p(s). Calculate d(-6).
-31
Let f(a) = -4*a. Let h be f(-1). Let q(u) be the first derivative of -u**2/2 + 6*u + 15. What is q(h)?
2
Let r(m) = -m**2 + m - 1. Let a(g) = 21 + 2*g**2 - 10 + 0 + 4*g. Let k(s) = -a(s) - 3*r(s). Determine k(7).
-8
Suppose -5 = -4*d + 11. Let r(o) = 3*o + 3*o - o - d*o - 4. Give r(7).
3
Let v = 145 - 140. Let q(a) be the second derivative of -3/2*a**2 - 1/20*a**v - 1/6*a**3 + 0 - 1/6*a**4 - a. Determine q(-3).
9
Let r(d) = 2*d - 2. Let y be r(2). Suppose -4*j = y*u - 30, -39 = -j - 3*j - 5*u. Let b(h) = -j + 7 + 2*h**2 - 2. Calculate b(-1).
1
Let w be (-1 - -1)/(-8 - -9). Let x(b) = -4*b**3 + 4*b**2 + 4*b - 4. Let f(o) = 5*o**3 - 5*o**2 - 5*o + 4. Let u(i) = 5*f(i) + 6*x(i). What is u(w)?
-4
Let i(b) = b + 3. Let n(w) = w**2 - 8*w + 6. Let z(s) = 2*s**2 - 5*s + 3. Let a be z(3). Let x be n(a). Let v be i(x). Let j(m) = -m. Calculate j(v).
3
Suppose -3*h = p - 0*p - 51, 4*p + 20 = 2*h. Suppose -c - h = -4*g + 3*c, 5*g + 2*c = 6. Let l(s) = s - 1. What is l(g)?
1
Let o(u) = u + 10. Suppose n - 3 = 13. Let q be (-3)/(-4) + (-316)/n. Let v = 19 + q. Determine o(v).
10
Let k(t) = 8*t**2 + 58*t + 15. Let a be k(-7). Let m(i) = 6*i**2 - 3*i + 3. What is m(a)?
6
Let u(f) be the first derivative of -f**4/12 - f**3 + f**2/2 - 12*f + 9. Let l(a) be the first derivative of u(a). Determine l(-7).
-6
Let l(r) = -2 + 5*r + 3 - 2*r + 2*r. What is l(-2)?
-9
Let a = 107 + -111. Let m(p) = p + 9. What is m(a)?
5
Let j be -2 + 2 + (-1 - 0). Let c(h) = -3*h**2 - 14*h - 1. Let f(i) = 3*i**2 + 17*i + 1. Let v(r) = -5*c(r) - 4*f(r). Give v(j).
2
Suppose -5*x + 13 = 3*k, 4*x - 8*x + 12 = 2*k. Let y(i) = i**3 - 4*i**2 - 6*i + 5. Calculate y(x).
0
Let l(r) = -r**3 + 9*r**2 - 8*r - 3. Let q be l(8). Let z be 10/(1 - (1 - (q + 1))). Let j(v) = -v**3 - 5*v**2 - 2*v - 2. Calculate j(z).
8
Let u(f) = 5*f**3 + 19*f**2 + 2*f. Let t(i) = -3*i**3 - 10*i**2 - i. Suppose -2*h + 4 = -h. Let d be (-14)/10*(-15)/3. Let y(r) = d*t(r) + h*u(r). What is y(6)?
6
Let y(l) = l**3 - l - 6. Let g(p) = p**3 + 3*p**2 + 3*p. Let h be g(-2). Let u(s) = -s**2 - 2*s. Let d be u(h). Let n = 0 - d. What is y(n)?
-6
Let i(f) be the first derivative of -f**4/4 + f**3 + 3*f**2/2 - 2*f - 289. What is i(4)?
-6
Let m(j) = 23780 - 3*j - j - 23778. Determine m(3).
-10
Suppose 0 = -4*f + 21 + 3. Let m(p) = p**3 - 7*p**2 + 15*p - 448 - 7*p + 439. Determine m(f).
3
Let c(l) = 7*l**3 + 9*l**2 + 10*l. Let u(t) = -11*t**3 - 13*t**2 - 15*t. Let p = -11 + 6. Let q(y) = p*u(y) - 8*c(y). Let g be -25 - (126/6 - 40). What is q(g)?
-6
Let w(d) = -2*d**2 + 5*d + 1. Let p = 6 + 37. Suppose 7*c = -15 + p. What is w(c)?
-11
Let c(j) = j - 3. Suppose -28*h - 111 = -223. Give c(h).
1
Let s(o) = -o**3 + 12*o**2 - o - 9. Let u be s(12). Let q = u - -21. Suppose -5*i + 8 + 2 = q. Let j(h) = -h**3 - 2*h**2 + 2. Give j(i).
-14
Let j be 3 + (4/1 - 4). Let x(u) = -7*u**2 - 1 + 0*u**2 + 6*u + 3*u**2